p**3 - 4*p**2 + 3*p - 5. Let q be l(5). Suppose 3*x - 1 + 16 = 0. Let b = x - -10. What is the greatest common factor of q and b?
5
Let j be 328 - ((-8)/(-4) - -6). Calculate the highest common factor of j and 280.
40
Let p = -13 + 13. Let w(x) = 17*x**3 - 6*x**2 + 4*x**2 + p*x - 3*x - 3 - 18*x**3. Let u be w(-2). What is the greatest common divisor of u and 3?
3
Let o(z) = 4*z**2 - 13*z + 8. Let w be o(8). Suppose -5*v + 3*v - 2*j + 36 = 0, -2*v = j - 38. What is the highest common factor of v and w?
20
Let y(h) = -2*h**3 + 2*h + 2. Let d be y(-2). Suppose -d = 12*o - 14*o. Let i = 3 + 4. What is the highest common divisor of o and i?
7
Let l be (1/((-81)/1044))/((-4)/18). Calculate the highest common divisor of l and 2.
2
Suppose -59 = -5*m + 16. Let c = -15 + m. Let n = c + 9. Calculate the highest common factor of 99 and n.
9
Let k = -22 + 37. Suppose -11*o = -5*z - 10*o + 156, -5*z - 4*o = -151. Let m be (z - 1)/(-5*(-2)/10). Calculate the highest common divisor of k and m.
15
Let o(h) = 2*h**2 + 4*h + 4. Let f be o(-2). Suppose -2*j = f - 12. Suppose 5 = 5*u, -j*u = -a - 4*a + 326. What is the greatest common divisor of 6 and a?
6
Let o = -23 + 44. Suppose g - 258 = 4*g - 951. What is the highest common divisor of o and g?
21
Suppose 5*f + 3*t = 23, 5 = 2*f - 4*t + 1. Suppose -5*k = -2*o - 38 + 2, -f*o = -2*k + 8. What is the highest common factor of k and 72?
8
Let m = -114 - -244. Let s = m - 53. What is the greatest common factor of s and 7?
7
Suppose -3*g = -3*q - 12, -6*q + 2*q = -g - 2. Suppose -3*p = 3*p - 18. Let j be 4 - (-32)/12*p. What is the highest common divisor of g and j?
6
Let g = 8 + -1. Let a = -1 + g. Suppose 4*t - 3*t = 3. What is the greatest common factor of a and t?
3
Suppose -1188 = -20*z + 9*z. Let q = 0 - -12. What is the greatest common divisor of z and q?
12
Let j = -10 + 38. Let q = -17 - -33. Suppose 0 = 5*x + 4*u - q, -4*x = -0*u + 5*u - 11. Calculate the highest common factor of x and j.
4
Let i(m) be the first derivative of 7*m**3/3 + 2*m**2 + 5*m - 9. Let j be i(-5). Calculate the greatest common divisor of j and 20.
20
Suppose -7*y - 268 = -5*k - 4*y, -2*k + 102 = 4*y. Let r = k + -18. What is the highest common factor of r and 14?
7
Suppose 0 = -2*t + t + 2. Suppose -4*b = 2*z - 3*b - 80, 92 = t*z - 2*b. What is the greatest common factor of 63 and z?
21
Let c(g) = 23*g**2 - g + 2. Let v = 2 + 0. Let b be c(v). Suppose 3*k = -k + b. Calculate the highest common divisor of 23 and k.
23
Suppose 2343 = 14*o - 471. Calculate the greatest common divisor of o and 12.
3
Suppose 5*o = 8*o - 33. Calculate the highest common divisor of 143 and o.
11
Suppose -3*u - 14 = -11. Let j be 0/u - (1256/(-4) + -5). Calculate the greatest common factor of j and 29.
29
Suppose 4*q - 40 = 4*u, -u = -3*u - 2. Let r(f) = -8*f + 1 + q*f - 4*f. Let y be r(-2). What is the highest common divisor of y and 77?
7
Suppose -3*s + 38 = -5*n + 432, -230 = -3*n + 5*s. Let f be 1/((-1)/2) + 36/2. Suppose 32 = 17*a - f*a. Calculate the highest common divisor of a and n.
16
Let k be (-3412)/(-36) - 12/(-54). Calculate the highest common divisor of 133 and k.
19
Let u(b) be the third derivative of -b**6/120 - b**5/30 + b**4 + 13*b**3/6 - 47*b**2. Let m be u(-7). Calculate the highest common divisor of m and 135.
45
Suppose -5*i + 195 = 4*c, -i = -4*i - 2*c + 119. Let f = 153 - i. Suppose -5 = -2*z + 5*m, -2*z = -4*z + 3*m + 11. What is the highest common factor of z and f?
10
Let m(g) = 6*g - 11. Let z be m(2). Let s be (20/8 - 2)/(z/42). Calculate the highest common divisor of s and 105.
21
Let f be (-5)/(10/(-12)) - 2. Suppose f*m = -5*q - 5, m = -0*m - 4*q - 15. Suppose -m = s - 23. Calculate the highest common divisor of 162 and s.
18
Suppose -3*y - j + 2 = -0*j, -2 = y + j. Let u(n) = 4 - 12 - n**y - 11*n + 2*n. Let g be u(-6). What is the greatest common divisor of g and 90?
10
Suppose 15 = -a + 4*a. Suppose -a*q = -2*q. Suppose -3*y + 9 = -q*y, 2*y - 46 = -4*s. What is the highest common divisor of s and 10?
10
Let t(b) = b**2 + 16*b + 49. Let n be t(16). What is the greatest common divisor of n and 51?
51
Let k = -55 + 59. What is the highest common divisor of 9 and k?
1
Suppose -44*u - 447 = -47*u. Suppose -7*a = 4*z - 8*a - u, 4*z - 3*a = 159. Calculate the highest common divisor of 288 and z.
36
Let d(u) = -u - 6. Let v(q) = q**3 + 6*q**2 + 4*q + 15. Let o be v(-6). Let a be d(o). What is the highest common divisor of a and 2?
1
Suppose -4*s - 32 - 60 = 0. Let c = s - -43. Let d = -76 - -96. What is the highest common factor of c and d?
20
Let v = 5 - 5. Let u(w) = w + 9. Let q be u(v). Calculate the highest common factor of q and 6.
3
Suppose -2*m + 36 = -4*p, m + 7*p = 3*p. Calculate the highest common divisor of 492 and m.
12
Let b be 15272/115 + (-2)/(-10). Let c = -17 - -36. What is the greatest common divisor of c and b?
19
Suppose -79*q - 60 = -84*q. Calculate the greatest common divisor of q and 96.
12
Let y = 22 + -22. Let f = 2 + y. Suppose 3*x - f = -2*h + 56, -18 = -h + 4*x. Calculate the highest common factor of h and 208.
26
Suppose -1549 = 9*b - 6697. What is the greatest common factor of 52 and b?
52
Suppose -11*a + 22*a - 77 = 0. Let q = 105 - 42. What is the greatest common divisor of a and q?
7
Let t(d) = -2*d**2 - 5*d + 7. Let l be t(-3). Suppose -g + l*g - 18 = 0. What is the highest common factor of g and 24?
6
Let m = 11 - 8. Suppose m*v - 2*v - 30 = 0. Suppose -3*d + d = 4*j - 34, -2*j - 5*d = -37. Calculate the highest common divisor of j and v.
6
Suppose -4*f = -2*q - 34, -3 = -0*q - q. Let i(m) = m**2 + m - 3. Let a be i(-3). Suppose 5*s - 13 = -a. Calculate the greatest common factor of f and s.
2
Suppose -6*f + 4*f + 4*k + 40 = 0, -3*k = 3*f - 96. Calculate the greatest common factor of f and 21.
7
Let k be 9/15 - (-21)/15. Suppose -k*g + 172 = 3*w, g - 59 = -w - 0*g. Calculate the highest common divisor of 18 and w.
18
Let i be 248/10*2 + (-16)/(-40). Calculate the highest common factor of 575 and i.
25
Let d = 9 + -6. Let z(n) = -n**2 - 5. Let f be z(0). Let q = d - f. Calculate the highest common divisor of 32 and q.
8
Let v(q) = -20 + 6*q**3 + 16*q**2 - 2*q**3 + 13*q - 3*q**3. Let t = -126 + 111. Let b be v(t). Calculate the highest common factor of 40 and b.
10
Let s be (759/12 - 1/4) + -2. What is the greatest common divisor of s and 549?
61
Let b(p) = 12*p**2 - 63*p + 330. Let y be b(6). Calculate the highest common divisor of 18 and y.
6
Let t(a) = a**2 + 3*a. Let z be t(-5). Let w be (-18)/8 + 31430/280. Calculate the highest common divisor of w and z.
10
Let r = 2 - -1. Let n = 51 - -69. Suppose 8*d = 13*d - n. Calculate the greatest common divisor of d and r.
3
Suppose -17 = -3*k - 5. Calculate the highest common factor of 3 and k.
1
Let r(s) = s - 50. Let j be r(-15). Let a = j - -76. What is the greatest common factor of 99 and a?
11
Let l(o) = 22*o - 18. Let h be l(11). What is the highest common divisor of 644 and h?
28
Let o = -3231 - -4953. Suppose 2 = -i, -2*i + 5*i = 4*r - o. Calculate the greatest common divisor of 39 and r.
39
Suppose -14*r = -15*r - g + 150, 3*g = -r + 150. What is the greatest common divisor of r and 42?
6
Let x = 195 + 1941. Calculate the greatest common divisor of x and 24.
24
Suppose 66 + 18 = 7*g. Suppose -j = -2*j + 8. Let w be (g/j)/(1/2). Calculate the highest common factor of w and 24.
3
Suppose 1040*g - 1029*g - 110 = 0. Let v be (20/(-1))/(-1) + 0. What is the greatest common factor of g and v?
10
Let f = -43 + 33. Let a be (1/(f/(-24)))/(23/230). Calculate the greatest common divisor of a and 6.
6
Let w = -59 - -194. What is the highest common divisor of 27 and w?
27
Suppose -3*v + 14*l - 17*l + 2661 = 0, -5*v - l = -4415. What is the greatest common divisor of v and 36?
18
Let u(a) = -a**2 - 15*a + 38. Let t be u(-17). Suppose -t*b = -3*b - 3. What is the greatest common divisor of 1 and b?
1
Let y = 688 - 683. What is the highest common divisor of 505 and y?
5
Let c = -67 - -76. Suppose 19*z - 280 = c*z. Let n be (1 - -167)/((-4)/(-6)). What is the highest common divisor of z and n?
28
Let p(d) = -d - 27. Let l be p(-29). Let v be (441/30 + (-2)/10)*l. What is the highest common factor of v and 203?
29
Suppose 0 = -2*q - 4*u + 134 + 620, 5*q +